{"id":1859,"date":"2018-03-27T10:02:48","date_gmt":"2018-03-27T08:02:48","guid":{"rendered":"https:\/\/www.leggendafestival.it\/\/?page_id=1859"},"modified":"2022-04-13T11:01:48","modified_gmt":"2022-04-13T09:01:48","slug":"festival","status":"publish","type":"page","link":"https:\/\/www.leggendafestival.it\/edizione2022\/festival\/","title":{"rendered":"Festival"},"content":{"rendered":"\t\t<div data-elementor-type=\"wp-page\" data-elementor-id=\"1859\" class=\"elementor elementor-1859\" data-elementor-post-type=\"page\">\n\t\t\t\t\t\t\t\t\t<section class=\"elementor-section elementor-top-section elementor-element elementor-element-0132dd9 sez-testata-generica elementor-section-boxed elementor-section-height-default elementor-section-height-default\" data-id=\"0132dd9\" data-element_type=\"section\" data-settings=\"{&quot;background_background&quot;:&quot;classic&quot;}\">\n\t\t\t\t\t\t<div class=\"elementor-container elementor-column-gap-default\">\n\t\t\t\t\t<div class=\"elementor-column elementor-col-100 elementor-top-column elementor-element elementor-element-bc26d6d\" data-id=\"bc26d6d\" data-element_type=\"column\">\n\t\t\t<div class=\"elementor-widget-wrap elementor-element-populated\">\n\t\t\t\t\t\t\t\t<div class=\"elementor-element elementor-element-fadf7ac elementor-widget elementor-widget-spacer\" data-id=\"fadf7ac\" data-element_type=\"widget\" data-widget_type=\"spacer.default\">\n\t\t\t\t<div class=\"elementor-widget-container\">\n\t\t\t\t\t<div class=\"elementor-spacer\">\n\t\t\t<div class=\"elementor-spacer-inner\"><\/div>\n\t\t<\/div>\n\t\t\t\t<\/div>\n\t\t\t\t<\/div>\n\t\t\t\t\t<\/div>\n\t\t<\/div>\n\t\t\t\t\t\t\t<\/div>\n\t\t<\/section>\n\t\t\t\t<section class=\"elementor-section elementor-top-section elementor-element elementor-element-1fe2275b elementor-section-boxed elementor-section-height-default elementor-section-height-default\" data-id=\"1fe2275b\" data-element_type=\"section\" data-settings=\"{&quot;background_background&quot;:&quot;classic&quot;}\">\n\t\t\t\t\t\t<div class=\"elementor-container elementor-column-gap-default\">\n\t\t\t\t\t<div class=\"elementor-column elementor-col-100 elementor-top-column elementor-element elementor-element-4091856\" data-id=\"4091856\" data-element_type=\"column\">\n\t\t\t<div class=\"elementor-widget-wrap elementor-element-populated\">\n\t\t\t\t\t\t\t\t<div class=\"elementor-element elementor-element-37bfda3 elementor-widget elementor-widget-heading\" data-id=\"37bfda3\" data-element_type=\"widget\" data-widget_type=\"heading.default\">\n\t\t\t\t<div class=\"elementor-widget-container\">\n\t\t\t<h1 class=\"elementor-heading-title elementor-size-default\">Il Festival<\/h1>\t\t<\/div>\n\t\t\t\t<\/div>\n\t\t\t\t<div class=\"elementor-element elementor-element-b3371d1 elementor-widget__width-auto elementor-widget elementor-widget-heading\" data-id=\"b3371d1\" data-element_type=\"widget\" data-widget_type=\"heading.default\">\n\t\t\t\t<div class=\"elementor-widget-container\">\n\t\t\t<h3 class=\"elementor-heading-title elementor-size-default\">Benvenuti a Leggenda<\/h3>\t\t<\/div>\n\t\t\t\t<\/div>\n\t\t\t\t<div class=\"elementor-element elementor-element-4fff461 elementor-widget elementor-widget-text-editor\" data-id=\"4fff461\" data-element_type=\"widget\" data-widget_type=\"text-editor.default\">\n\t\t\t\t<div class=\"elementor-widget-container\">\n\t\t\t\t\t\t\t<p>Torna Leggenda, festival della lettura e dell\u2019ascolto organizzato dal Comune di Empoli, che si terr\u00e0 <strong>da gioved\u00ec 5 a domenica 8 maggio 2022<\/strong>. E la novit\u00e0 pi\u00f9 grande \u00e8 che\u2026 <strong>torna in presenza<\/strong>!<\/p><p>Gli incontri con gli autori in orario scolastico con le 100 classi delle scuole del Comune di Empoli iscritte al festival si terranno online, mentre tutti gli eventi in programma nei pomeriggi di gioved\u00ec e venerd\u00ec e nel fine settimana saranno in presenza, nei luoghi caratteristici del festival Leggenda e in alcune nuove location tutte da scoprire.<\/p><p>\u00abIl nostro amato festival della lettura torna finalmente in presenza \u2013 spiega il sindaco di Empoli Brenda Barnini \u2013 dopo l\u2019annullamento dell\u2019edizione 2020 e l\u2019edizione online dello scorso anno.<\/p><p><strong>Una grande festa con spettacoli, laboratori, incontri con autori, mostra mercato del libro<\/strong>, che coinvolge molteplici realt\u00e0 della citt\u00e0 e primariamente le scuole. I protagonisti sono i piccoli e i giovani lettori, ma anche i loro insegnanti e le loro famiglie, con l\u2019ambizione di interessare e coinvolgere educatori ed esperti provenienti da pi\u00f9 parti d\u2019Italia.<\/p><p>Ringrazio tutti coloro che si impegnano in questa grande manifestazione. Operatori culturali, insegnanti e gli stessi bambini e ragazzi che negli anni sono riusciti a far riconoscere a Empoli il titolo di \u2018Citt\u00e0 che legge\u2019. Una delle nostre missioni \u00e8 garantire l\u2019accesso ai libri e alla lettura, promuovere la lettura fra i pi\u00f9 piccoli. Leggenda rappresenta il compendio di tutto questo.<\/p><p>Empoli, citt\u00e0 delle bambine e dei bambini, vi aspetta. Non mancate\u00bb.<\/p><p><strong>Leggenda rappresenta infatti la sintesi del sistema di educazione e formazione alla lettura e all\u2019ascolto<\/strong>, che parte dalle esperienze consolidate portate avanti nei Servizi Educativi per l\u2019Infanzia e nelle diverse realt\u00e0 scolastiche, passando per le innumerevoli iniziative di promozione della lettura organizzate e promosse dalla Biblioteca comunale.<\/p><p>A conferma del buon lavoro fatto fino ad oggi, nel 2018 e poi nel 2020 Empoli \u00e8 stata nominata &#8220;<strong>Citt\u00e0 che legge<\/strong>&#8220;, qualifica assegnata da Il Centro per il libro e la lettura, d\u2019intesa con l\u2019Associazione Nazionale Comuni Italiani, alle amministrazioni comunali impegnate a svolgere con continuit\u00e0 sul proprio territorio politiche pubbliche di promozione della lettura.<\/p><p>Leggenda \u00e8 e rimane <strong>teatro d\u2019incontro fra scrittori, artisti, educatori, librai e lettori-ascoltatori<\/strong>, per promuovere la lettura, fino dalla pi\u00f9 tenera et\u00e0, come indispensabile tecnologia \u201cfantastica\u201d per sognare mondi possibili, promuovere l\u2019ascolto come attitudine all\u2019incontro con l\u2019altro e l\u2019altrove e consolidare la formazione degli insegnanti e degli educatori con percorsi innovativi, laboratori e incontri con esperti.<\/p><p>Leggenda, sia come laboratorio permanente artistico ed educativo, sia come Festival prioritariamente rivolto alle nuove generazioni (0-14 anni), vuole essere un grande ed appassionato invito ad un ascolto multisensoriale dei libri, all\u2019esplorazione delle loro storie che ci permettono magicamente di viaggiare nel tempo e nello spazio fino ben oltre i confini della nostra immaginazione.<\/p><p>Un invito, perch\u00e9 come ci ricorda Gianni Rodari\u2026 il verbo leggere non sopporta l\u2019imperativo.<\/p><p>\u00a0<\/p><h4>Comune di Empoli<\/h4><ul><li>con la <strong>Biblioteca Comunale &#8220;Renato Fucini&#8221;<\/strong><\/li><li>Compagnia teatrale <strong>Giallo Mare Minimal Teatro<\/strong> formazione e direzione artistica spettacoli<\/li><li><strong>PromoCultura<\/strong> formazione e supporto alla logistica<\/li><li><strong>Centro Studi &#8220;Bruno Ciari&#8221;<\/strong> formazione<\/li><li><strong>Libreria Rinascita<\/strong> Viruslibro e attivit\u00e0 di promozione<\/li><li><strong>Libreria NessunDove<\/strong> e <strong>Libreria La San Paolo Libri&amp;Persone<\/strong> attivit\u00e0 di promozione.<\/li><\/ul><h4>Partner:<\/h4><ul><li><strong>Fondazione Sesa<\/strong><\/li><li><strong>UniCoop Firenze<\/strong><\/li><li><strong>VoipVoice<\/strong> \/ <strong>Inside Factory<\/strong><\/li><\/ul>\t\t\t\t\t\t<\/div>\n\t\t\t\t<\/div>\n\t\t\t\t\t<\/div>\n\t\t<\/div>\n\t\t\t\t\t\t\t<\/div>\n\t\t<\/section>\n\t\t\t\t\t\t\t<\/div>\n\t\t","protected":false},"excerpt":{"rendered":"<p>Il Festival Benvenuti a Leggenda Torna Leggenda, festival della lettura e dell\u2019ascolto organizzato dal Comune di Empoli, che si terr\u00e0 da gioved\u00ec 5 a domenica 8 maggio 2022. E la novit\u00e0 pi\u00f9 grande \u00e8 che\u2026 torna in presenza! Gli incontri con gli autori in orario scolastico con le 100 classi delle scuole del Comune di [&hellip;]<\/p>\n","protected":false},"author":3,"featured_media":0,"parent":0,"menu_order":0,"comment_status":"closed","ping_status":"closed","template":"","meta":[],"yoast_head":"<!-- This site is optimized with the Yoast SEO plugin v21.1 - https:\/\/yoast.com\/wordpress\/plugins\/seo\/ -->\n<title>Festival | Empoli Leggenda Festival<\/title>\n<meta name=\"robots\" content=\"index, follow, max-snippet:-1, max-image-preview:large, max-video-preview:-1\" \/>\n<link rel=\"canonical\" href=\"https:\/\/www.leggendafestival.it\/edizione2022\/festival\/\" \/>\n<meta property=\"og:locale\" content=\"it_IT\" \/>\n<meta property=\"og:type\" content=\"article\" \/>\n<meta property=\"og:title\" content=\"Il Festival \u2013 Empoli Leggenda Festival\" \/>\n<meta property=\"og:description\" content=\"Nel 2018 Empoli \u00e8 stata eletta \u201cCitt\u00e0 che legge&quot;. Leggenda rappresenta la sintesi del sistema di educazione e formazione alla lettura e all\u2019ascolto\" \/>\n<meta property=\"og:url\" content=\"https:\/\/www.leggendafestival.it\/edizione2022\/festival\/\" \/>\n<meta property=\"og:site_name\" content=\"Empoli Leggenda Festival\" \/>\n<meta property=\"article:modified_time\" content=\"2022-04-13T09:01:48+00:00\" \/>\n<meta name=\"twitter:card\" content=\"summary_large_image\" \/>\n<meta name=\"twitter:title\" content=\"Il Festival \u2013 Empoli Leggenda Festival\" \/>\n<meta name=\"twitter:description\" content=\"Nel 2018 Empoli \u00e8 stata eletta \u201cCitt\u00e0 che legge&quot;. Leggenda rappresenta la sintesi del sistema di educazione e formazione alla lettura e all\u2019ascolto\" \/>\n<meta name=\"twitter:label1\" content=\"Tempo di lettura stimato\" \/>\n\t<meta name=\"twitter:data1\" content=\"3 minuti\" \/>\n<script type=\"application\/ld+json\" class=\"yoast-schema-graph\">{\"@context\":\"https:\/\/schema.org\",\"@graph\":[{\"@type\":\"WebPage\",\"@id\":\"https:\/\/www.leggendafestival.it\/edizione2022\/festival\/\",\"url\":\"https:\/\/www.leggendafestival.it\/edizione2022\/festival\/\",\"name\":\"Festival | Empoli Leggenda Festival\",\"isPartOf\":{\"@id\":\"https:\/\/www.leggendafestival.it\/edizione2022\/#website\"},\"datePublished\":\"2018-03-27T08:02:48+00:00\",\"dateModified\":\"2022-04-13T09:01:48+00:00\",\"breadcrumb\":{\"@id\":\"https:\/\/www.leggendafestival.it\/edizione2022\/festival\/#breadcrumb\"},\"inLanguage\":\"it-IT\",\"potentialAction\":[{\"@type\":\"ReadAction\",\"target\":[\"https:\/\/www.leggendafestival.it\/edizione2022\/festival\/\"]}]},{\"@type\":\"BreadcrumbList\",\"@id\":\"https:\/\/www.leggendafestival.it\/edizione2022\/festival\/#breadcrumb\",\"itemListElement\":[{\"@type\":\"ListItem\",\"position\":1,\"name\":\"Home\",\"item\":\"https:\/\/www.leggendafestival.it\/edizione2022\/\"},{\"@type\":\"ListItem\",\"position\":2,\"name\":\"Festival\"}]},{\"@type\":\"WebSite\",\"@id\":\"https:\/\/www.leggendafestival.it\/edizione2022\/#website\",\"url\":\"https:\/\/www.leggendafestival.it\/edizione2022\/\",\"name\":\"Empoli Leggenda Festival\",\"description\":\"Quattro giorni di letture e d\u2019incontri con autori ed esperti per bambini, ragazzi, famiglie e adulti.\",\"publisher\":{\"@id\":\"https:\/\/www.leggendafestival.it\/edizione2022\/#organization\"},\"potentialAction\":[{\"@type\":\"SearchAction\",\"target\":{\"@type\":\"EntryPoint\",\"urlTemplate\":\"https:\/\/www.leggendafestival.it\/edizione2022\/?s={search_term_string}\"},\"query-input\":\"required name=search_term_string\"}],\"inLanguage\":\"it-IT\"},{\"@type\":\"Organization\",\"@id\":\"https:\/\/www.leggendafestival.it\/edizione2022\/#organization\",\"name\":\"Empoli Leggenda Festival\",\"url\":\"https:\/\/www.leggendafestival.it\/edizione2022\/\",\"logo\":{\"@type\":\"ImageObject\",\"inLanguage\":\"it-IT\",\"@id\":\"https:\/\/www.leggendafestival.it\/edizione2022\/#\/schema\/logo\/image\/\",\"url\":\"https:\/\/www.leggendafestival.it\/edizione2022\/wp-content\/uploads\/2018\/03\/logo_BURGER_COMPLETO-2.png\",\"contentUrl\":\"https:\/\/www.leggendafestival.it\/edizione2022\/wp-content\/uploads\/2018\/03\/logo_BURGER_COMPLETO-2.png\",\"width\":230,\"height\":60,\"caption\":\"Empoli Leggenda Festival\"},\"image\":{\"@id\":\"https:\/\/www.leggendafestival.it\/edizione2022\/#\/schema\/logo\/image\/\"}}]}<\/script>\n<!-- \/ Yoast SEO plugin. -->","yoast_head_json":{"title":"Festival | Empoli Leggenda Festival","robots":{"index":"index","follow":"follow","max-snippet":"max-snippet:-1","max-image-preview":"max-image-preview:large","max-video-preview":"max-video-preview:-1"},"canonical":"https:\/\/www.leggendafestival.it\/edizione2022\/festival\/","og_locale":"it_IT","og_type":"article","og_title":"Il Festival \u2013 Empoli Leggenda Festival","og_description":"Nel 2018 Empoli \u00e8 stata eletta \u201cCitt\u00e0 che legge\". Leggenda rappresenta la sintesi del sistema di educazione e formazione alla lettura e all\u2019ascolto","og_url":"https:\/\/www.leggendafestival.it\/edizione2022\/festival\/","og_site_name":"Empoli Leggenda Festival","article_modified_time":"2022-04-13T09:01:48+00:00","twitter_card":"summary_large_image","twitter_title":"Il Festival \u2013 Empoli Leggenda Festival","twitter_description":"Nel 2018 Empoli \u00e8 stata eletta \u201cCitt\u00e0 che legge\". Leggenda rappresenta la sintesi del sistema di educazione e formazione alla lettura e all\u2019ascolto","twitter_misc":{"Tempo di lettura stimato":"3 minuti"},"schema":{"@context":"https:\/\/schema.org","@graph":[{"@type":"WebPage","@id":"https:\/\/www.leggendafestival.it\/edizione2022\/festival\/","url":"https:\/\/www.leggendafestival.it\/edizione2022\/festival\/","name":"Festival | Empoli Leggenda Festival","isPartOf":{"@id":"https:\/\/www.leggendafestival.it\/edizione2022\/#website"},"datePublished":"2018-03-27T08:02:48+00:00","dateModified":"2022-04-13T09:01:48+00:00","breadcrumb":{"@id":"https:\/\/www.leggendafestival.it\/edizione2022\/festival\/#breadcrumb"},"inLanguage":"it-IT","potentialAction":[{"@type":"ReadAction","target":["https:\/\/www.leggendafestival.it\/edizione2022\/festival\/"]}]},{"@type":"BreadcrumbList","@id":"https:\/\/www.leggendafestival.it\/edizione2022\/festival\/#breadcrumb","itemListElement":[{"@type":"ListItem","position":1,"name":"Home","item":"https:\/\/www.leggendafestival.it\/edizione2022\/"},{"@type":"ListItem","position":2,"name":"Festival"}]},{"@type":"WebSite","@id":"https:\/\/www.leggendafestival.it\/edizione2022\/#website","url":"https:\/\/www.leggendafestival.it\/edizione2022\/","name":"Empoli Leggenda Festival","description":"Quattro giorni di letture e d\u2019incontri con autori ed esperti per bambini, ragazzi, famiglie e adulti.","publisher":{"@id":"https:\/\/www.leggendafestival.it\/edizione2022\/#organization"},"potentialAction":[{"@type":"SearchAction","target":{"@type":"EntryPoint","urlTemplate":"https:\/\/www.leggendafestival.it\/edizione2022\/?s={search_term_string}"},"query-input":"required name=search_term_string"}],"inLanguage":"it-IT"},{"@type":"Organization","@id":"https:\/\/www.leggendafestival.it\/edizione2022\/#organization","name":"Empoli Leggenda Festival","url":"https:\/\/www.leggendafestival.it\/edizione2022\/","logo":{"@type":"ImageObject","inLanguage":"it-IT","@id":"https:\/\/www.leggendafestival.it\/edizione2022\/#\/schema\/logo\/image\/","url":"https:\/\/www.leggendafestival.it\/edizione2022\/wp-content\/uploads\/2018\/03\/logo_BURGER_COMPLETO-2.png","contentUrl":"https:\/\/www.leggendafestival.it\/edizione2022\/wp-content\/uploads\/2018\/03\/logo_BURGER_COMPLETO-2.png","width":230,"height":60,"caption":"Empoli Leggenda Festival"},"image":{"@id":"https:\/\/www.leggendafestival.it\/edizione2022\/#\/schema\/logo\/image\/"}}]}},"_links":{"self":[{"href":"https:\/\/www.leggendafestival.it\/edizione2022\/wp-json\/wp\/v2\/pages\/1859"}],"collection":[{"href":"https:\/\/www.leggendafestival.it\/edizione2022\/wp-json\/wp\/v2\/pages"}],"about":[{"href":"https:\/\/www.leggendafestival.it\/edizione2022\/wp-json\/wp\/v2\/types\/page"}],"author":[{"embeddable":true,"href":"https:\/\/www.leggendafestival.it\/edizione2022\/wp-json\/wp\/v2\/users\/3"}],"replies":[{"embeddable":true,"href":"https:\/\/www.leggendafestival.it\/edizione2022\/wp-json\/wp\/v2\/comments?post=1859"}],"version-history":[{"count":0,"href":"https:\/\/www.leggendafestival.it\/edizione2022\/wp-json\/wp\/v2\/pages\/1859\/revisions"}],"wp:attachment":[{"href":"https:\/\/www.leggendafestival.it\/edizione2022\/wp-json\/wp\/v2\/media?parent=1859"}],"curies":[{"name":"wp","href":"https:\/\/api.w.org\/{rel}","templated":true}]}}